et h(l) = 18*l**2 - 13*l + 29. Let p(w) = 34*w - 62. Let s be p(2). What is the units digit of h(s)?
9
Suppose -35 = 4*z + 3*z. Let x(r) = 7*r**3 + 6*r**2 + 5 - 6*r**3 + 5*r + 0*r**3. What is the units digit of x(z)?
5
Let f be 10/(-4)*(-8)/5. Suppose f*s - 3*t - 848 = 516, 8 = -2*t. What is the units digit of s?
8
Let t = 60 + 10. Suppose -s + 69 - t = 0. Let a(k) = -105*k - 11. What is the units digit of a(s)?
4
Let x(j) = 7*j + 8*j**2 + 5*j - 2*j - 4*j - 50. Let w be x(-10). Suppose 4*u - 5*g = w, -5*u + 7*u + 4*g = 358. What is the tens digit of u?
7
Suppose 3*v - 7 - 8 = 0. Suppose v*i - 590 = -3*j, 71 = i + 5*j - 69. Suppose 2*a = -3*g + i, -3*g = -a - 4*a + 235. What is the tens digit of a?
5
Let u = 104 - 82. Suppose -u*h + 17*h + 30 = 0. Suppose -3*i - h + 197 = r, 20 = 4*r. What is the tens digit of i?
6
Suppose -46532 = 40*o - 185132. What is the units digit of o?
5
Let k = -3486 - -5448. What is the tens digit of k?
6
What is the units digit of 2797765/244 - (1/2)/(6/3)?
6
Let s(r) = 3*r - 16. Let l be s(7). Suppose 0 = -l*i - 0*i + 15. Suppose 29 = -0*y + 2*y + 3*w, -2*w = -i*y + 76. What is the tens digit of y?
2
Let k(i) = -3*i - 11. Let h(l) = -l - 20. Let t be h(-15). Let y be k(t). Suppose -185 - 183 = -y*o. What is the units digit of o?
2
Suppose 5*t - 8813 = 4*p, -7*p + 2*p - 3532 = -2*t. Suppose -3*l + 2*b - 4*b = -t, -2368 = -4*l + 4*b. What is the tens digit of l?
8
Suppose 23*j = 61575 + 4225 + 156426. What is the hundreds digit of j?
6
Let c(d) = -2259*d**3 + 2*d**2 + 2*d + 1. Let x be c(-1). Let w be ((-2)/4)/(2 - 4522/x). Suppose -47*a = -52*a + w. What is the units digit of a?
3
Let t(d) = d. Let q(c) = 8*c - 1. Let x(y) = q(y) - 6*t(y). Let o be x(-8). What is the tens digit of (2/8*7)/(o/(-204))?
2
Let o be -6*(105/(-45) + (-5)/(-3)). Suppose -c + 595 = k - 13, 5*k - 3036 = -o*c. What is the hundreds digit of k?
6
Let l = 21152 - 854. What is the units digit of l?
8
What is the units digit of (-25 - -12) + 3 + 4083?
3
Suppose 0 = 3*n + 7*n - n. Suppose m + 1 = -2*g, n*g - m - 3 = 3*g. What is the units digit of (172/(-2))/g + -2?
1
Let r = -5 + 7. Let j be 13/26*(26 + (r - 2)). Let z = j - 3. What is the tens digit of z?
1
Let c(g) be the third derivative of -43*g**4/24 + 2*g**3/3 - 19*g**2. Let b be c(3). Let d = -24 - b. What is the hundreds digit of d?
1
Let q(p) = 5*p - 33. Let s be q(10). Suppose 0 = 14*x - s*x + 9. What is the units digit of x*(100/36 - 3)*-423?
2
Suppose -5*r + 1925 = 560. Let n = r - 114. What is the units digit of n?
9
Let k(l) be the first derivative of 25/2*l**2 - 20 + 37*l - 1/3*l**3. What is the units digit of k(16)?
1
Let s(i) = -142*i**3 + 3*i**2 + 14*i + 2. What is the hundreds digit of s(-4)?
0
Let o(u) = 85*u**3 + 5*u**2 + 13*u - 63. What is the hundreds digit of o(4)?
5
Suppose x + 4*s = 1194, 0 = -2*x - 3*x + 2*s + 5970. Suppose 0*w - 4*a = -2*w + x, 4*w - 2368 = -2*a. What is the tens digit of w?
9
Let j = -63 + 68. Suppose -2*r - 19 = -3*o - 0*r, j = -r. Suppose -12*h = -o*h - 1170. What is the hundreds digit of h?
1
Let n be (2/24*-39)/(2/(-16)). Suppose -n*f + 25490 + 8336 = 0. What is the hundreds digit of f?
3
Suppose 0*v - 258495 = -19*v. What is the units digit of v?
5
Let b(p) = -p**3 - 20*p**2 + 18*p - 66. Let h be b(-21). What is the tens digit of 4167/12 + h/12?
4
Let u be 11/(-11)*(1 + (-2 - 0)). Let o(f) = 361*f**3 + 3*f**2 + 2*f - 1. What is the units digit of o(u)?
5
Suppose 2*r - 3575 = z, z = -5*r + r + 7153. Let y = -639 + r. What is the hundreds digit of y?
1
Let i be ((-12)/7)/(3 + 46/(-14)). Let z(m) = -19*m - 5 + 13 + m - i. What is the tens digit of z(-5)?
9
Let v = -63385 + 118025. What is the units digit of v?
0
Let u = 336 + -433. Let r = 340 - u. What is the units digit of r?
7
Suppose 0 = -6*w + 12*w - 1788. Suppose w = 5*b - 122. What is the units digit of (0 - 1)/((-3)/b)?
8
Suppose 7612 + 1148 = 4*s. Suppose -14*d = -8*d - s. What is the units digit of d?
5
Suppose -56 = 4*m - 5*d, -d + 12 = 2*d. Let r(s) = -s**3 - 11*s**2 + 2*s + 15. Let y be r(m). Let o = 284 + y. What is the hundreds digit of o?
1
Let h(q) = -16*q**3 - q**2 - 3*q - 7. Let x(n) = -n**2 - 11*n - 21. Let b be x(-9). What is the tens digit of h(b)?
2
Let f be 2/(-4) + (-34)/4. Let k(t) = t**2 + 9*t + 1. Let n be k(f). What is the tens digit of (-7 + n)/(-3) - -81?
8
What is the tens digit of (-2)/(-7) + 3913712/1036?
7
Suppose 0 = -137*m + 131*m + 1410. Let w = 310 - m. What is the units digit of w?
5
What is the units digit of (-20)/4 + 9/(-36)*-42212?
8
Suppose 5*l - 20 = -5*m, -6*m = -8*m + 2*l. Suppose 2*r = -m*o + 2582 - 504, -1027 = -r + 5*o. What is the thousands digit of r?
1
Let p(u) = 125*u**3 - 20*u**2 - 21*u + 16. What is the units digit of p(6)?
0
Suppose -8*d + d - 2996 = 0. Let g = d + 1184. What is the hundreds digit of g?
7
Let q(v) = 2*v + 43. Let u be q(-19). Suppose 4*g - u*d = -35, -4*g - 8 = -0*d + 4*d. Let l(p) = -p - 3. What is the units digit of l(g)?
2
Suppose q - 14 = 4*r - 0*q, 5*r + 2*q + 11 = 0. Let c be 21/9 - r/(-9). What is the units digit of 44*c + (-56)/14?
4
Let k be (45/(-6))/(-5) + 22/(-4). Let r be k/(-10) - (-3 - (-18)/(-5)). Suppose -r*u + 3*u = p - 12, 3*u + 5*p - 9 = 0. What is the units digit of u?
3
What is the tens digit of (-326)/4*(32 + -46)?
4
Let j = 1804 - -710. What is the hundreds digit of j?
5
Let m = -6222 - -8579. What is the units digit of m?
7
Let o = 69961 - 46904. What is the units digit of o?
7
Let d = -28 + 61. Let v be (-44)/d*6/(-4) + 66. Suppose 0 = -v*l + 65*l + 498. What is the tens digit of l?
6
Let v(p) be the third derivative of 9/2*p**3 + 0*p + 0 - 27*p**2 + 41/24*p**4. What is the tens digit of v(5)?
3
Suppose 132*n = 54*n + 1018056. What is the ten thousands digit of n?
1
Let r(y) = 570*y**2 - 8*y + 343. What is the thousands digit of r(10)?
7
Suppose -64 = -g - 3*a, -2*g = 3*a - 7*a - 128. Let q be 11/2*(-3 - -5). Let w = g + q. What is the units digit of w?
5
Suppose 0 = 5*z - 9*z + 32. Let t be z/12 + (-544)/(-12). Suppose -2*v - t = -6*v - m, -5*v + 45 = -5*m. What is the units digit of v?
1
What is the units digit of (-3)/(643907/(-35772) + 18)?
6
Let f be (144/27)/((8/(-246))/2). Let u be (30/20)/((-1)/f). Suppose 0 = -6*z + z, -4*m = -z - u. What is the hundreds digit of m?
1
Let l(a) = a**3 + 14*a**2 - 45*a + 107. Let f be l(-17). Let g be (9/2 - -1)*2. Suppose -f*h = -g*h + 738. What is the tens digit of h?
2
Let f = -7 + 9. Suppose 3 = -3*t + 6, f*b - t = 41. Suppose 0 = 27*y - b*y - 456. What is the tens digit of y?
7
Let n = -9732 + 12397. What is the units digit of n?
5
Let a(i) = 1527*i**2 - 1284*i + 7693. What is the ten thousands digit of a(6)?
5
Let p(n) = 2 - 3*n**3 + 5*n**3 - 32*n**2 - 18*n + 5 + 3 - 3. What is the units digit of p(18)?
9
Let c be (12 + -11)*(-4)/(-2). Suppose -h + 3*z + 318 = 0, c*h + 6*z - 626 = 2*z. What is the tens digit of h?
1
Let s be (10/25 - (-4)/(-10))/2. Let d be (5 - 0 - s) + -3. Suppose 8*o - 60 = d*o. What is the tens digit of o?
1
Suppose 17*r - 27066 = 102610. What is the tens digit of r?
2
Let o(u) = -2*u**3 - 14*u**2 - 15*u + 22. Let k be o(-11). Suppose -4*r - z = -2*r - k, 4*z - 574 = -r. What is the tens digit of r?
7
Let j(i) = i**3 - 3*i**2 - 5*i - 34. Let u be j(5). What is the units digit of (-9)/(-2)*(-630)/(u/1)?
5
Let s be (10/3)/(30/108). Suppose -s*p + 13*p = 103. What is the tens digit of p?
0
Let s be (-1)/2*(2 - 2). Suppose s = d - 2*r - 1 + 62, 4*d = -5*r - 179. What is the units digit of 96/(-36)*d/2?
8
Suppose w + 3*g = -3*w - 6, g - 17 = 5*w. Let b(s) = 4*s**2 + 10*s + 2. Let m be b(w). Suppose -29 - m = -v. What is the units digit of v?
7
Let v = -59 + 87. Let g(q) = -q**2 + 31*q. Let y be g(v). Suppose -48*l = -46*l - y. What is the units digit of l?
2
Let j = 3488 + -2340. Let h = 2110 - j. What is the hundreds digit of h?
9
Let k be (-64)/48*(-6)/4. Let w be 2/((-66)/32 + k). Let p = w + 42. What is the tens digit of p?
1
Let x(a) = a**3 + 13*a**2 - 13*a + 3. Let u be x(-14). Let m be (-2 + 1)*(u - 0/1). Suppose -10*h + 11*h - m = 0. What is the tens digit of h?
1
Suppose 0 = 63*d - 26*d - 75122 - 31845. What is the units digit of d?
1
Suppose -96 = 5*y - 9*y. Suppose -y*a + 34*a = 4770. What is the tens digit of a?
7
Let n be (